. Calculate m(j).
-6
Suppose 2 - 4 = -2*y. Let c(q) be the first derivative of -q**2 - 4. Let n(x) = -x**2 + 1. Let k(f) = c(f) + n(f). Give k(y).
-2
Let v(c) = -c - 1. Let y be v(-6). Suppose 0 = -y*n - 10, -5*u - 9 = 5*n + 21. Let w(a) = 3*a + 1. Give w(u).
-11
Let i(g) = -3*g**2 - 15*g - 17. Let v be i(-4). Let o(j) = j**2 + 6*j + 1. What is o(v)?
-4
Let u(a) = -a - 9. Let i(y) = -9*y + 51. Let v be i(13). Let s = 60 + v. Determine u(s).
-3
Let x(l) = -l. Let d be x(-1). Let b(y) = -y + 3. Let f(z) = z + 1. Let m(v) = d*b(v) - 2*f(v). Determine m(-3).
10
Let j be (5 + (-168)/35)*10. Let l(f) = -3*f**2 + 2*f + 1. What is l(j)?
-7
Let d(j) = 2*j**2 - 3*j + 4. Let g be d(2). Suppose g = 5*m - 3*z, -5*m + z + 4 - 2 = 0. Suppose 3*f + m - 9 = 0. Let k(x) = -x**3 + x**2 + 3*x. Calculate k(f).
-9
Let k(s) = -s - 7. Suppose 3*c - 131 = z, c - 9 - 38 = -3*z. Suppose 2*j - 3*y + c = 0, 2*j + 5*y + 160 = -3*j. Let m be j/(-35)*-5*1. Calculate k(m).
-3
Let w(u) = 30 + 48 + 11*u - 78. Give w(1).
11
Let a(t) = -t**2 + 4. Let j(k) = k**3 + 16*k**2 - 20*k - 48. Let q be j(-17). Calculate a(q).
-5
Let i(g) = g**2 + 6*g - 2. Suppose 0 = -4*k - 178 + 158. Give i(k).
-7
Let t = 5 - 14. Let z be (-12)/t + 8/12. Let i(x) be the first derivative of -x**4/2 + 2*x**3/3 + x**2 - 1. Calculate i(z).
-4
Let d be 4 - ((9 - 3) + -11). Let s(y) = -y**2 + 7*y + 27. Determine s(d).
9
Let t(q) be the third derivative of q**6/90 - q**5/20 + q**4/8 - 6*q**2. Let r(s) be the second derivative of t(s). Give r(4).
26
Let x(q) = -q**3 - 6*q**2 - 2. Let h = 529 - 535. Calculate x(h).
-2
Let g(w) = w**2 - 7*w + 8. Let d(n) = 7*n - 92. Let z be d(14). Calculate g(z).
2
Let d(z) = -z**2 - 3*z. Suppose -608*f = -604*f - 12. Give d(f).
-18
Suppose -4*g + 24 + 4 = 0. Let w(v) be the third derivative of v**4/24 - v**3/6 + 3*v**2. Let m be w(g). Let l(k) = -k**3 + 5*k**2 + 5*k + 1. What is l(m)?
-5
Let v(i) = -7*i - 17. Let p be v(-6). Let h = p - 18. Let t(g) = -2*g + 8. Determine t(h).
-6
Let i(r) = -r**3 - 13*r**2 - 23*r - 13. Let c be i(-11). Let y(z) = -z**2 - 3*z - 2. Let f(p) = -2*p**2 - 6*p - 4. Let v(k) = 4*f(k) - 7*y(k). What is v(c)?
0
Let m(s) = s**3 + 9*s**2 + 7*s + 3. Suppose g = -328*l + 325*l - 27, -5*l - 2*g = 45. What is m(l)?
-60
Let l(k) be the third derivative of -k**5/24 + 4*k**3 - 30*k**2. Let w(b) be the first derivative of l(b). Determine w(1).
-5
Let h(i) be the third derivative of -i**4/8 + i**3/6 + 2*i**2. Let a = -49 + 52. Give h(a).
-8
Suppose -2*h = 2*h - 5*g + 12, -5*g = -20. Suppose 4*c = 5*z + 13, h*z = -0*c + c - 4. Suppose 3*o + c = 2*o. Let p(q) = -2*q. Give p(o).
4
Let s = -20 + 7. Let r = 18 + s. Let q(t) = t**3 + t**2 + 1. Let f(h) = -3*h**3 + 4*h**2 - 3*h - 1. Let l(y) = -f(y) - 2*q(y). Calculate l(r).
-11
Let n = 2736 - 2746. Let p(q) = q**3 + 10*q**2 + q - 12. Give p(n).
-22
Let y(c) = -2 + 0*c + 3*c + 5*c - 7*c. What is y(-6)?
-8
Let f(s) be the third derivative of -s**6/120 + s**5/30 + s**4/12 + 27*s**2 - 2*s. Give f(2).
4
Let r = -11 - -16. Suppose -r*o = 7 - 32. Let t(g) = -3 + 5 + 5 - g**2 + 5*g. Calculate t(o).
7
Suppose 0 = -6*v + 88 - 124. Let a(c) = 3*c**2 - 9*c + 11. Let i(r) = r**2 - r + 1. Let s(n) = a(n) - 4*i(n). What is s(v)?
1
Let z(a) = a**3 + 16*a**2 + 15*a - 1. Suppose 5*r = -2*x - 5, 4*x + 7*r - 6*r + 55 = 0. Calculate z(x).
-1
Let v(z) be the third derivative of -z**5/60 + z**4/3 - 3*z**3/2 + 2*z**2 + 15*z. Let r be v(4). Let t(k) = -k**3 + 6*k**2 + 8*k - 7. What is t(r)?
0
Let b(v) = v**2 + 5*v + 10. Let l be (-75)/21 + 15/(-35). Determine b(l).
6
Let x = -117 - -116. Let v(z) = 3*z**3 + z + 1. Give v(x).
-3
Let u = 31 - 29. Suppose 3*n - 5 = u*y, 9*n - 6*n = -2*y + 13. Let w(v) = -v**3 + v**2 + 3*v - 1. Determine w(y).
1
Let n(r) = -11*r - 11. Let g be n(11). Let f be g/48 - 1/4. Let p(z) be the third derivative of z**6/120 + z**5/15 + z**4/24 - z**3/3 + z**2. What is p(f)?
4
Let k(u) = u**2 - 4*u + 2. Let d(s) = s**2 + 4*s - 91. Let y be d(8). What is k(y)?
7
Let m be (0/2 + 0)/2. Suppose m = 2*i + 15 - 43. Let l be (10 - i)/(3 + -1). Let z(y) = y**2 - y - 2. Calculate z(l).
4
Let r(a) be the third derivative of a**9/60480 + a**8/6720 + a**7/2520 + a**6/720 - a**5/15 + 13*a**2. Let d(b) be the third derivative of r(b). Give d(-1).
1
Let t(j) = 3*j**2 - 8*j - 12. Let m be t(-2). Let a(z) = -2*z + m + 14 - 25. Determine a(5).
-5
Let k be (-96)/12 - (-3)/((-3)/(-5)). Let d(r) be the first derivative of 0 + r**2 - 2 + 7*r - 3*r. Calculate d(k).
-2
Let h(d) = 6*d + 30. Let z(u) = 1. Let r(k) = -h(k) - 3*z(k). Determine r(-7).
9
Let j(c) be the first derivative of c**4/4 + 3*c**3 - 6*c + 140. Calculate j(-9).
-6
Let u(f) = -f**2 - f. Let q = -11 - -15. Suppose -a = -5*a + q. Determine u(a).
-2
Let y(i) be the second derivative of i**6/360 + i**5/120 + 3*i**4/8 + 7*i**3/3 + 20*i. Let h(r) be the second derivative of y(r). What is h(0)?
9
Let t(s) = -4*s - 24. Let q be t(-7). Suppose 4*f - 3*g + 18 = 0, 0 = q*f + f + g + 32. Let z(y) = -y**3 - 6*y**2 - y - 8. Calculate z(f).
-2
Let v(c) = -c - 1. Let t(b) = -2*b - 1. Let k(m) = 3*t(m) - 5*v(m). Give k(5).
-3
Let v(f) be the second derivative of -11*f**4/12 + f**3/3 - 17*f**2/2 - 9*f. Let l(y) = -5*y**2 + y - 8. Let u(n) = 9*l(n) - 4*v(n). Determine u(0).
-4
Let l(m) = m**3 + 6*m**2 + 3*m - 7. Suppose -112*f - 10 = -110*f. Give l(f).
3
Let m(o) = -3*o**2 + 4*o**2 + 3 + 0*o - 5*o. Suppose -g - 1 = 3. Let v be (4/g)/(((-14)/4)/7). What is m(v)?
-3
Suppose 5*n + 2 = 4*n. Let y be (-1)/n - (-30)/12. Let m(g) = -3*g - 3*g + 9*g - 2*g**2 - y. Determine m(2).
-5
Let g(q) = -28*q**2 - 9 + 27*q**2 + 10*q + 3. Calculate g(8).
10
Let j(m) = m**2 + 11*m - 24. Let p be j(-13). Let o(z) = z + 0*z + 1 - 2*z**3 + 2*z + 2*z**2 - 4*z. Calculate o(p).
-9
Let v(s) = -2 + 2*s + s + 3*s**2 - 5*s + s**3. Suppose 8 = 19*l - 23*l. Let u = l - 1. What is v(u)?
4
Let v(s) be the third derivative of -s**4/24 - s**3/6 - 33*s**2. Suppose 2*p - 4 + 6 = 0. Give v(p).
0
Let z(b) = -b**2 - 6*b + 7. Let l be 0 + (-2)/2 - -11. Suppose 5*s + 0*s = l. Suppose 4*p + p = -5*c, -p = -s*c + 15. Give z(p).
12
Let g be -1 + -1*(-1 + 13). Let z(o) = -89*o**2 - 7*o + 43*o**2 - 7*o + 45*o**2 - 7. Determine z(g).
6
Let x = -37 - -34. Let q(l) = l**3 + 3*l**2 + 2*l - 3. Give q(x).
-9
Let n(o) = -1 - 2*o + 5 - 3. Let y(m) be the first derivative of 3*m**2/2 - 3*m + 1. Let v(w) = -5*n(w) - 2*y(w). Give v(-1).
-3
Let d(j) = -j**2. Let w(m) = 4*m + 4 - 6*m**2 - 13*m + 3*m. Let g(i) = -5*d(i) + w(i). Calculate g(-7).
-3
Suppose -1 = 2*r + 1, -4*i = -3*r + 17. Let n(c) be the first derivative of c**3/3 + 7*c**2/2 + 3*c + 7580. What is n(i)?
-7
Let l(o) = -o**2. Suppose s = -2*v + 6, 0 = 9*v - 7*v - 6. Give l(s).
0
Let x(g) = -g - 2. Let i(o) = -o**3 + o**2 + 4*o + 17. Let t(h) = -i(h) - 3*x(h). Give t(0).
-11
Let t = -116 + 57. Let j = t - -60. Let m(p) = 7*p. Give m(j).
7
Let r(n) be the first derivative of -n**5/120 + n**4/12 + 4*n**3 - 9. Let h(b) be the third derivative of r(b). Calculate h(-5).
7
Let m(c) be the second derivative of c**3/3 + 3*c**2 + c - 149. Let q(v) = -v**2 + 6*v + 11. Let j = 10 - 2. Let d be q(j). What is m(d)?
-4
Let y(s) = -s**3 + 4*s - s**3 + 2*s**2 + 3 - 3*s**2. Suppose -15*m = -16*m - 2. Let z be m/(6 - 4)*2. Calculate y(z).
7
Let n = 37 - 31. Let h(v) be the third derivative of -v**5/60 + v**4/4 - 6*v**2. Calculate h(n).
0
Suppose 8*n + 9*n = -119. Let l(x) be the first derivative of -x**2/2 - 5*x + 13. Determine l(n).
2
Suppose -146 = -4*l - 2*v, 2*v - 3*v - 143 = -4*l. Suppose -4*u - 4*o = -5*u - 20, -4*o + l = -3*u. Let k(t) = -t - 5. Calculate k(u).
3
Let l(w) = -10*w**2 + 1. Let k(v) = 4*v**2 + v. Let z be k(-2). Suppose x + 3 = 2*x, 3*x - z = -c. Suppose 3*m - 5*m = -r - 3, 10 = 5*m - c*r. Give l(m).
-9
Let w(x) = -3*x**2 - 3*x + 1. Let i(q) = -4*q**2 - 4*q + 2. Let f(p) = -2*i(p) + 3*w(p). Determine f(-3).
-7
Let r(m) = -m**3 - 2*m**2 - m + 1. Let c be (1 - 1) + (-12)/6. Let z = c + -1. Determine r(z).
13
Let x(n) = -5*n. Suppose 0 = -v + 5*k + 5, -3*v - 4*k - 15 = -6*v. Suppose -4*u + 4*q - 6*q = 14, 0 = -v*q - 15. What is x(u)?
10
Let a(x) = 0 - 3 - 8 + 10 + x**2 - 10*x + 19*x. Give a(-9).
-1
Let l(z) = -2*z**2 - 3*z. Let b(y) = 5*y**2 + 9*y - 1. Let q(v) = 3*b(v) + 8*l(v). Let p(f) = -f**3 